{"id":647,"date":"2018-04-11T22:27:53","date_gmt":"2018-04-11T20:27:53","guid":{"rendered":"https:\/\/gacc-frankfurt.de\/?page_id=647"},"modified":"2023-10-22T19:34:38","modified_gmt":"2023-10-22T17:34:38","slug":"testimonials","status":"publish","type":"page","link":"http:\/\/gacc-frankfurt.de\/de\/testimonials\/","title":{"rendered":"Referenzen"},"content":{"rendered":"<p>Missa in Jazz (Mai 2019): \u00a0\"Es war ein beeindruckendes Erlebnis und ein wahrer Klangteppich, den der Chor und die Instrumente gewebt haben. Ehrlich gesagt fehlen mir etwas die Worte, um dem Ganzen tats\u00e4chlich gerecht zu werden. Belassen wir es dabei, dass es uns sehr sehr gut gefallen hat.<br \/>\n<strong>Leoni Heister<\/strong> (Heuse Akademie)<\/p>\n<p>\"Ich mag den GACC, weil ich die mutigen und f\u00fcr einen Laienchor super anspruchsvollen Programme und die musikalische Umsetzung von Themen mag. Ich finde es auch gut, dass der Chor immer externe Musiker und S\u00e4nger dabei hat, die das ambitionierte Programm unterstreichen. Mir gef\u00e4llt auch, dass S\u00e4nger aus dem Chor Solos singen, die den hohen Qualit\u00e4tsanspruch des gesamten Chors zeigen. Ich bin ein Fan!\"<br \/>\n<b>Marisa<\/b><\/p>\n<p>\u201e\u2026 Das Konzert war eine gro\u00dfartige Erfahrung. Der Chor singt mit Herz und Spa\u00df. Klassische und moderne Weihnachtslieder werden mit einem Augenzwinkern interpretiert. \u201c<br \/>\n<b>Andre<\/b><\/p>\n<p>\u201eIch fand Euer Weihnachtskonzert total verbl\u00fcffend, sehr originell und mitreissend. Wir kamen total beschwingt und fr\u00f6hlich aus dem Konzert und es blieben viele Bilder von diesem einmaligen Konzert im Kopf.\u201c<br \/>\n<b>Katja<\/b><\/p>\n<p>\u201eWir kommen seit \u00fcber 20 Jahren zum \u201eSinging Christmas Tree\u00ae\u201c, ich glaube, ich habe mindestens zwei meiner drei Kinder heimlich in der Kirche gewickelt. Der \u201eBaum\u201c ist ein fester Bestandteil unseres Jahres, unsere erwachsenen Kinder empfehlen das Konzert ihren Freunden, viele kommen immer wieder gerne mit. Wir alle haben unser Lieblingslied, mein Mann bedauert sehr, dass die Glocken nicht mehr gespielt werden. Es ist immer ein G\u00e4nsehautmoment, wenn zu Beginn des Konzerts die Stimmen langsam lauter und der \u201eBaum\u201c heller wird. Und am Ende des Konzerts wissen wir: JETZT steht Weihnachten vor der T\u00fcr!\u201c<br \/>\n<b>Kirsten<\/b><\/p>","protected":false},"excerpt":{"rendered":"<p>Missa in Jazz (Mai 2019): \u00a0\"Es war ein beeindruckendes Erlebnis und ein wahrer Klangteppich, den der Chor und die Instrumente gewebt haben. Ehrlich gesagt fehlen mir etwas die Worte, um dem Ganzen tats\u00e4chlich gerecht zu werden. Belassen wir es dabei, dass es uns sehr sehr gut gefallen hat. <span class=\"read-more\"><a class=\"more-link btn btn-transparent\" href=\"http:\/\/gacc-frankfurt.de\/de\/testimonials\/\">Read More &#8230;<\/a><\/span><\/p>","protected":false},"author":1,"featured_media":0,"parent":0,"menu_order":0,"comment_status":"closed","ping_status":"closed","template":"","meta":{"ngg_post_thumbnail":0,"footnotes":""},"class_list":["post-647","page","type-page","status-publish","hentry"],"jetpack_sharing_enabled":true,"jetpack_shortlink":"https:\/\/wp.me\/Pagp8M-ar","_links":{"self":[{"href":"http:\/\/gacc-frankfurt.de\/de\/wp-json\/wp\/v2\/pages\/647","targetHints":{"allow":["GET"]}}],"collection":[{"href":"http:\/\/gacc-frankfurt.de\/de\/wp-json\/wp\/v2\/pages"}],"about":[{"href":"http:\/\/gacc-frankfurt.de\/de\/wp-json\/wp\/v2\/types\/page"}],"author":[{"embeddable":true,"href":"http:\/\/gacc-frankfurt.de\/de\/wp-json\/wp\/v2\/users\/1"}],"replies":[{"embeddable":true,"href":"http:\/\/gacc-frankfurt.de\/de\/wp-json\/wp\/v2\/comments?post=647"}],"version-history":[{"count":8,"href":"http:\/\/gacc-frankfurt.de\/de\/wp-json\/wp\/v2\/pages\/647\/revisions"}],"predecessor-version":[{"id":8557,"href":"http:\/\/gacc-frankfurt.de\/de\/wp-json\/wp\/v2\/pages\/647\/revisions\/8557"}],"wp:attachment":[{"href":"http:\/\/gacc-frankfurt.de\/de\/wp-json\/wp\/v2\/media?parent=647"}],"curies":[{"name":"wp","href":"https:\/\/api.w.org\/{rel}","templated":true}]}}

<p>Missa in Jazz (Mai 2019):  "Es war ein beeindruckendes Erlebnis und ein wahrer Klangteppich, den der Chor und die Instrumente gewebt haben. Ehrlich gesagt fehlen mir etwas die Worte, um dem Ganzen tatsächlich gerecht zu werden. Belassen wir es dabei, dass es uns sehr sehr gut gefallen hat.<br />
<strong>Leoni Heister</strong> (Heuse Akademie)</p>
<p>"Ich mag den GACC, weil ich die mutigen und für einen Laienchor super anspruchsvollen Programme und die musikalische Umsetzung von Themen mag. Ich finde es auch gut, dass der Chor immer externe Musiker und Sänger dabei hat, die das ambitionierte Programm unterstreichen. Mir gefällt auch, dass Sänger aus dem Chor Solos singen, die den hohen Qualitätsanspruch des gesamten Chors zeigen. Ich bin ein Fan!"<br />
<b>Marisa</b></p>
<p>„… Das Konzert war eine großartige Erfahrung. Der Chor singt mit Herz und Spaß. Klassische und moderne Weihnachtslieder werden mit einem Augenzwinkern interpretiert. “<br />
<b>Andre</b></p>
<p>„Ich fand Euer Weihnachtskonzert total verblüffend, sehr originell und mitreissend. Wir kamen total beschwingt und fröhlich aus dem Konzert und es blieben viele Bilder von diesem einmaligen Konzert im Kopf.“<br />
<b>Katja</b></p>
<p>„Wir kommen seit über 20 Jahren zum „Singing Christmas Tree®“, ich glaube, ich habe mindestens zwei meiner drei Kinder heimlich in der Kirche gewickelt. Der „Baum“ ist ein fester Bestandteil unseres Jahres, unsere erwachsenen Kinder empfehlen das Konzert ihren Freunden, viele kommen immer wieder gerne mit. Wir alle haben unser Lieblingslied, mein Mann bedauert sehr, dass die Glocken nicht mehr gespielt werden. Es ist immer ein Gänsehautmoment, wenn zu Beginn des Konzerts die Stimmen langsam lauter und der „Baum“ heller wird. Und am Ende des Konzerts wissen wir: JETZT steht Weihnachten vor der Tür!“<br />
<b>Kirsten</b></p>

<p>Missa in Jazz (Mai 2019):  "Es war ein beeindruckendes Erlebnis und ein wahrer Klangteppich, den der Chor und die Instrumente gewebt haben. Ehrlich gesagt fehlen mir etwas die Worte, um dem Ganzen tatsächlich gerecht zu werden. Belassen wir es dabei, dass es uns sehr sehr gut gefallen hat. <span class="read-more"><a class="more-link btn btn-transparent" href="http://gacc-frankfurt.de/de/testimonials/">Read More &#8230;</a></span></p>
