{"id":31,"date":"2018-03-12T17:16:09","date_gmt":"2018-03-12T17:16:09","guid":{"rendered":"https:\/\/gacc-frankfurt.de\/?page_id=31"},"modified":"2024-01-11T12:26:07","modified_gmt":"2024-01-11T11:26:07","slug":"gacc-kurzgeschichte","status":"publish","type":"page","link":"https:\/\/gacc-frankfurt.de\/de\/gacc\/gacc-kurzgeschichte\/","title":{"rendered":"Geschichte des GACC"},"content":{"rendered":"<h3>Von den Anf\u00e4ngen bis heute...<\/h3>\n<div align=\"justify\">\n<p><img loading=\"lazy\" decoding=\"async\" class=\"wp-image-23 alignright\" src=\"\/wp-content\/uploads\/2018\/03\/IMG_0318-300x200.jpg\" alt=\"\" width=\"303\" height=\"202\" srcset=\"https:\/\/gacc-frankfurt.de\/wp-content\/uploads\/2018\/03\/IMG_0318-300x200.jpg 300w, https:\/\/gacc-frankfurt.de\/wp-content\/uploads\/2018\/03\/IMG_0318-416x277.jpg 416w, https:\/\/gacc-frankfurt.de\/wp-content\/uploads\/2018\/03\/IMG_0318-768x512.jpg 768w, https:\/\/gacc-frankfurt.de\/wp-content\/uploads\/2018\/03\/IMG_0318-1024x683.jpg 1024w, https:\/\/gacc-frankfurt.de\/wp-content\/uploads\/2018\/03\/IMG_0318-420x280.jpg 420w, https:\/\/gacc-frankfurt.de\/wp-content\/uploads\/2018\/03\/IMG_0318-385x257.jpg 385w, https:\/\/gacc-frankfurt.de\/wp-content\/uploads\/2018\/03\/IMG_0318.jpg 1080w\" sizes=\"auto, (max-width: 303px) 100vw, 303px\" \/>Der German-American Community Choir e.V. (GACC e.V.) wurde 1973 von dem in Frankfurt stationierten U. S. Milit\u00e4r gegr\u00fcndet - mit dem Ziel, die internationale Freundschaft durch die gemeinsame Liebe zur Musik zu st\u00e4rken und zu vertiefen.<\/p>\n<p>Nach dem Abzug der amerikanischen Streitkr\u00e4fte aus Frankfurt 1995 formierte sich der Chor neu und ist jetzt ein eingetragener, gemeinn\u00fctziger Verein. Der Chor hat gegenw\u00e4rtig etwa 180 aktive Mitglieder, darunter Deutsche, Amerikaner und Angeh\u00f6rige anderer Nationalit\u00e4ten.<\/p>\n<p>Der GACC e.V. pr\u00e4sentiert sein breites musikalisches Repertoire in der Regel in drei Konzertprojekten pro Jahr: einem Fr\u00fchlingskonzert, das der klassischen Musik gewidmet ist, einem Herbstkonzert, das der Unterhaltungsmusik gewidmet ist, und den typischerweise 7 Weihnachtsauff\u00fchrungen des \u201eSinging Christmas Tree\u00ae\u201c. Die Weihnachtskonzerte mit deutschen und amerikanischen Weihnachtsliedern, die jedes Jahr am zweiten Adventswochenende pr\u00e4sentiert werden, sind die gr\u00f6\u00dfte Chorveranstaltung und das Markenzeichen des GACC. Dar\u00fcber hinaus gibt der Chor regelm\u00e4\u00dfig Weihnachtskonzerte auf dem Weihnachtsmarkt am R\u00f6mer in Frankfurt.<\/p>\n<p>Dank der Gastfreundschaft der Kirchengemeinde Frauenfrieden und dem unerm\u00fcdlichen Einsatz der Chormitglieder ist es gelungen, dem \u201eSinging Christmas Tree\u00ae\u201c in der Frauenfriedenskirche nach 1995, als es die American Chapel nicht mehr gab, ein \u201eZuhause\u201c zu geben.<\/p>\n<p>Zu den H\u00f6hepunkten der langen Chorgeschichte geh\u00f6ren:<\/p>\n<p><em>1981:<\/em><br \/>\nSalieri's \"Hofkapellmeister-Messe\" dirigiert von Marcel Seminara<\/p>\n<p><em>1987:<br \/>\n<\/em>Auff\u00fchrung von \"The Singing Christmas Tree \u00ae\" in \"Mensch Meier\" mit Alfred Biolek im WDR<\/p>\n<p><em>1989:<\/em><br \/>\nAuff\u00fchrung von Arthur Honegger's \"King David\" in der Alten Oper in Frankfurt am Main<\/p>\n<p><em>1991:<\/em><br \/>\nTeilnahme an der Verfilmung von Bachs \"Johannes Passion\" mit dem Titel \"Es w\u00e4re gut, da ein Mensch w\u00fcrde umbracht f\u00fcr das Volk\", unter der Leitung von Hugo Niebeling:<br \/>\n<a href=\"https:\/\/www.moviepilot.de\/movies\/es-waere-gut-da-ein-mensch-wuerde-umbracht-fuer-das-volk\">https:\/\/www.moviepilot.de\/movies\/es-waere-gut-da-ein-mensch-wuerde-umbracht-fuer-das-volk<\/a><\/p>\n<p><em>1992:<\/em><br \/>\n<span class=\"Apple-converted-space\">Auff\u00fchrung der \"Messe\" und der \"Chichester Psalms\" von Bernstein f\u00fcr den \"Hessischen Rundfunk\". Die Auff\u00fchrung der Bernsteinmesse war die erste im Frankfurter Raum und die zweite in Deutschland \u00fcberhaupt.&nbsp;<\/span><\/p>\n<p><em>1995:<\/em><br \/>\nAuff\u00fchrung von Purcells \"The Fairy Queen\u201c unter Leitung von Eberhard Friedrich<\/p>\n<p><em>2003:<\/em><br \/>\nEurop\u00e4ische Premiere von Glenn McClure's \"Caribbean Mass\" begleitet vom Komponisten und seiner Steel Band im Sendesaal des Hessischen Rundfunks<\/p>\n<p><em>2005:<\/em><br \/>\nAuff\u00fchrung der \u201eMissa f\u00fcr Piper, Phones, Voice &amp; Drums\u201c von und mit Peter Schindler und dem Trio \u201ePipes and Phones\u201c<\/p>\n<p><em>2007:<br \/>\n<\/em>Semi-szenische Auff\u00fchrung der komischen Oper \u201eH.M.S. Pinafore\u201c von Gilbert &amp; Sullivan unter Leitung von Jim Schar<\/p>\n<p><em>2012:<br \/>\n<\/em>Auff\u00fchrung von \u201eAnnelies\u201c, eine musikalische Adaption des Tagebuches der Anne Frank von James Whitbourn unter Leitung von Linda Horowitz<\/p>\n<p><em>2017:<br \/>\n<\/em>Auff\u00fchrung der \u201eMisatango\u201c von Martin Palmeri unter Leitung von Kushtrim Gashi<\/p>\n<\/div>","protected":false},"excerpt":{"rendered":"<p>A short history of the German-American Community Choir e.V. The German-American Community Choir e.V. (GACC e.V.) was founded in 1973 by the US military stationed in Frankfurt &#8211; with the aim of strengthening and deepening international friendship through their shared love of music. After the <span class=\"read-more\"><a class=\"more-link btn btn-transparent\" href=\"https:\/\/gacc-frankfurt.de\/de\/gacc\/gacc-kurzgeschichte\/\">Read More &#8230;<\/a><\/span><\/p>","protected":false},"author":1,"featured_media":0,"parent":221,"menu_order":200,"comment_status":"closed","ping_status":"closed","template":"","meta":{"ngg_post_thumbnail":0,"footnotes":""},"class_list":["post-31","page","type-page","status-publish","hentry"],"jetpack_sharing_enabled":true,"jetpack_shortlink":"https:\/\/wp.me\/Pagp8M-v","_links":{"self":[{"href":"https:\/\/gacc-frankfurt.de\/de\/wp-json\/wp\/v2\/pages\/31","targetHints":{"allow":["GET"]}}],"collection":[{"href":"https:\/\/gacc-frankfurt.de\/de\/wp-json\/wp\/v2\/pages"}],"about":[{"href":"https:\/\/gacc-frankfurt.de\/de\/wp-json\/wp\/v2\/types\/page"}],"author":[{"embeddable":true,"href":"https:\/\/gacc-frankfurt.de\/de\/wp-json\/wp\/v2\/users\/1"}],"replies":[{"embeddable":true,"href":"https:\/\/gacc-frankfurt.de\/de\/wp-json\/wp\/v2\/comments?post=31"}],"version-history":[{"count":31,"href":"https:\/\/gacc-frankfurt.de\/de\/wp-json\/wp\/v2\/pages\/31\/revisions"}],"predecessor-version":[{"id":8600,"href":"https:\/\/gacc-frankfurt.de\/de\/wp-json\/wp\/v2\/pages\/31\/revisions\/8600"}],"up":[{"embeddable":true,"href":"https:\/\/gacc-frankfurt.de\/de\/wp-json\/wp\/v2\/pages\/221"}],"wp:attachment":[{"href":"https:\/\/gacc-frankfurt.de\/de\/wp-json\/wp\/v2\/media?parent=31"}],"curies":[{"name":"wp","href":"https:\/\/api.w.org\/{rel}","templated":true}]}}

<h3>Von den Anfängen bis heute...</h3>
<div align="justify">
<p><img loading="lazy" decoding="async" class="wp-image-23 alignright" src="/wp-content/uploads/2018/03/IMG_0318-300x200.jpg" alt="" width="303" height="202" srcset="https://gacc-frankfurt.de/wp-content/uploads/2018/03/IMG_0318-300x200.jpg 300w, https://gacc-frankfurt.de/wp-content/uploads/2018/03/IMG_0318-416x277.jpg 416w, https://gacc-frankfurt.de/wp-content/uploads/2018/03/IMG_0318-768x512.jpg 768w, https://gacc-frankfurt.de/wp-content/uploads/2018/03/IMG_0318-1024x683.jpg 1024w, https://gacc-frankfurt.de/wp-content/uploads/2018/03/IMG_0318-420x280.jpg 420w, https://gacc-frankfurt.de/wp-content/uploads/2018/03/IMG_0318-385x257.jpg 385w, https://gacc-frankfurt.de/wp-content/uploads/2018/03/IMG_0318.jpg 1080w" sizes="auto, (max-width: 303px) 100vw, 303px" />Der German-American Community Choir e.V. (GACC e.V.) wurde 1973 von dem in Frankfurt stationierten U. S. Militär gegründet - mit dem Ziel, die internationale Freundschaft durch die gemeinsame Liebe zur Musik zu stärken und zu vertiefen.</p>
<p>Nach dem Abzug der amerikanischen Streitkräfte aus Frankfurt 1995 formierte sich der Chor neu und ist jetzt ein eingetragener, gemeinnütziger Verein. Der Chor hat gegenwärtig etwa 180 aktive Mitglieder, darunter Deutsche, Amerikaner und Angehörige anderer Nationalitäten.</p>
<p>Der GACC e.V. präsentiert sein breites musikalisches Repertoire in der Regel in drei Konzertprojekten pro Jahr: einem Frühlingskonzert, das der klassischen Musik gewidmet ist, einem Herbstkonzert, das der Unterhaltungsmusik gewidmet ist, und den typischerweise 7 Weihnachtsaufführungen des „Singing Christmas Tree®“. Die Weihnachtskonzerte mit deutschen und amerikanischen Weihnachtsliedern, die jedes Jahr am zweiten Adventswochenende präsentiert werden, sind die größte Chorveranstaltung und das Markenzeichen des GACC. Darüber hinaus gibt der Chor regelmäßig Weihnachtskonzerte auf dem Weihnachtsmarkt am Römer in Frankfurt.</p>
<p>Dank der Gastfreundschaft der Kirchengemeinde Frauenfrieden und dem unermüdlichen Einsatz der Chormitglieder ist es gelungen, dem „Singing Christmas Tree®“ in der Frauenfriedenskirche nach 1995, als es die American Chapel nicht mehr gab, ein „Zuhause“ zu geben.</p>
<p>Zu den Höhepunkten der langen Chorgeschichte gehören:</p>
<p><em>1981:</em><br />
Salieri's "Hofkapellmeister-Messe" dirigiert von Marcel Seminara</p>
<p><em>1987:<br />
</em>Aufführung von "The Singing Christmas Tree ®" in "Mensch Meier" mit Alfred Biolek im WDR</p>
<p><em>1989:</em><br />
Aufführung von Arthur Honegger's "King David" in der Alten Oper in Frankfurt am Main</p>
<p><em>1991:</em><br />
Teilnahme an der Verfilmung von Bachs "Johannes Passion" mit dem Titel "Es wäre gut, da ein Mensch würde umbracht für das Volk", unter der Leitung von Hugo Niebeling:<br />
<a href="https://www.moviepilot.de/movies/es-waere-gut-da-ein-mensch-wuerde-umbracht-fuer-das-volk">https://www.moviepilot.de/movies/es-waere-gut-da-ein-mensch-wuerde-umbracht-fuer-das-volk</a></p>
<p><em>1992:</em><br />
<span class="Apple-converted-space">Aufführung der "Messe" und der "Chichester Psalms" von Bernstein für den "Hessischen Rundfunk". Die Aufführung der Bernsteinmesse war die erste im Frankfurter Raum und die zweite in Deutschland überhaupt.&nbsp;</span></p>
<p><em>1995:</em><br />
Aufführung von Purcells "The Fairy Queen“ unter Leitung von Eberhard Friedrich</p>
<p><em>2003:</em><br />
Europäische Premiere von Glenn McClure's "Caribbean Mass" begleitet vom Komponisten und seiner Steel Band im Sendesaal des Hessischen Rundfunks</p>
<p><em>2005:</em><br />
Aufführung der „Missa für Piper, Phones, Voice &amp; Drums“ von und mit Peter Schindler und dem Trio „Pipes and Phones“</p>
<p><em>2007:<br />
</em>Semi-szenische Aufführung der komischen Oper „H.M.S. Pinafore“ von Gilbert &amp; Sullivan unter Leitung von Jim Schar</p>
<p><em>2012:<br />
</em>Aufführung von „Annelies“, eine musikalische Adaption des Tagebuches der Anne Frank von James Whitbourn unter Leitung von Linda Horowitz</p>
<p><em>2017:<br />
</em>Aufführung der „Misatango“ von Martin Palmeri unter Leitung von Kushtrim Gashi</p>
</div>
